, 4*q = 7*q - 5*a - 19. Let b(v) = v**2 - 10*v + 5. Determine b(q).
-11
Let l be -1 - 1 - 0/1. Let d(m) be the first derivative of -m**3/3 - m**2/2 + m + 46. Calculate d(l).
-1
Let g(n) = n**3 + 13*n**2 - 2*n - 23. Let j(b) = 2*b**2 - 18*b - 85. Let w be j(12). Give g(w).
3
Let v(p) = -p**3 - 4*p**2 + 2*p + 1. Suppose -2*m = 5 + 13. Let u(s) = 2*s + 20. Let y be u(m). Calculate v(y).
-19
Let k = -29 - -31. Suppose -15 = 5*i, -3*i + 11 = k*d + 3*d. Let z(l) = -15*l**2 + 4*l**2 + d*l + 8*l**2 + l**2 - 1 - l**3. Calculate z(-3).
-4
Let t be 4*(-4 - -6) - 5. Let h(m) be the second derivative of t*m - 5/6*m**3 + 0 - 3/2*m**2 + 1/20*m**5 + 1/6*m**4. What is h(-3)?
3
Let m(k) = k**2 + 8*k + 2. Let l be m(-7). Let b be l - -3*2/3. Let x(g) = 1 + g**2 - 4 - 3*g - 2*g**2. What is x(b)?
-3
Let d(w) = -w**3 + 5*w**2 + 7*w + 4. Let i(y) = -3*y**3 + 9*y**2 + 15*y + 8. Let z(u) = -5*d(u) + 2*i(u). Let a be 2 - ((-180)/(-22) + 16/(-88)). Give z(a).
-10
Let r(i) = i**3 + 16*i + 2*i**2 - 17*i - 8 + 3*i + 0*i**3. Calculate r(0).
-8
Let n(w) = w**2 + 5*w - 1. Let m(v) = -v + 6. Let k be m(-7). Let t = 8 - k. Determine n(t).
-1
Let u(s) = -8*s**3 + 4*s**2 - 2*s + 24. Let r(d) = 9*d**3 - 5*d**2 + 3*d - 29. Let t(n) = -5*r(n) - 6*u(n). Give t(1).
2
Let j(g) = g**3 - g**2. Let i(x) = -x**2 + 13*x + 4. Let z be i(13). Let u be (-44)/55*10/z. Let a be (-1 + 1 + u)*-1. What is j(a)?
4
Let j(s) be the third derivative of -s**5/60 - s**3 + 5*s**2. Suppose 0*u - u = 0, 3 = -d - 2*u. Let o = d + 3. Give j(o).
-6
Let f = 74 - 66. Let p(c) = -39*c + 41*c - f + 8. Let h be 1/(((-1)/2)/(-1)). Calculate p(h).
4
Let s(a) = -4*a - 42. Let f = -132 - -123. Determine s(f).
-6
Let y be (25/15)/(3/9). Let k(x) be the first derivative of 2*x**2 - 2*x + y*x - 9 - x + 0*x. Calculate k(2).
10
Let l = -1049 - -1034. Let m(r) = r**2 + 15*r + 12. Calculate m(l).
12
Let c(u) = -u**3 - 10*u**2 + 12*u + 7. Let s = 37 - 48. Let h be c(s). Let j(a) = -a**2 - 7*a - 5. Calculate j(h).
7
Let j(o) be the third derivative of o**4/8 + 19*o**3/6 - 363*o**2. Give j(-5).
4
Let s(v) = 6*v. Let m = 147 + -141. Let u = 5 - 1. Suppose u = -m*a + 2*a. Determine s(a).
-6
Let c be -10 + -3 + 3 + 2. Let h be 0*2*(2 + 20/c). Let x(o) = o**3 - o**2 + 2. What is x(h)?
2
Let l(n) be the third derivative of -20*n**2 + 1/2*n**3 + 0*n + 0 + 1/12*n**4. Give l(-2).
-1
Let r be (-1245)/(-75) + 2/5. Let l = 23 - r. Let h(v) = -v**3 + 7*v**2 - 7*v - 1. Determine h(l).
-7
Let l(a) = -3*a - 2. Let b be l(-10). Suppose 2*v + 5*v - b = 0. Let t(y) = y**2 - 4*y - 5. Give t(v).
-5
Let o(c) = 2*c**2 - c. Suppose 3*n + 2*s + 81 = -s, -n + 5*s = -3. Let w = n - -25. Suppose -3*h + 6 = 5*b - h, w*h = -6. What is o(b)?
6
Let f(c) = c**3 - 5*c**2 - 5*c - 1. Let s be f(6). Suppose -3*o = l - 3, -4*o + s*l = l - 20. Let g(p) = p**3 - 4*p**2 + 2*p + 2. Determine g(o).
-2
Let q(o) = -2*o**2 + 4*o - 3. Let l(n) = -3*n - 52. Let i be l(29). Let k = i + 142. Determine q(k).
-9
Let w be -10*1 + (2 - -2). Let y be (0 - -2) + w + -1 + 9. Let t(x) = x**2 - 5*x + 3. What is t(y)?
-1
Let v(n) = -n - 4. Let b(j) be the third derivative of 0 + 3*j**2 + 0*j + 17/6*j**3 + 1/8*j**4. Let p(q) = -2*b(q) - 9*v(q). What is p(-4)?
-10
Suppose 0*y - 14 = -7*y. Let z(f) = 3*f**3 - 2*f**3 - 6*f**2 + 2 + 0*f**2 - y*f**2. Suppose 4*m - 26 = 6. Give z(m).
2
Let f(y) be the third derivative of 3*y**5/20 - y**4/12 - y**3/6 + 3*y**2. Suppose -4 = 2*r + 2. Let u(n) = -n**2 - 4*n - 4. Let s be u(r). What is f(s)?
10
Let s(k) = -26*k**3 - k**2 + 1. Let f = 378 + -379. Give s(f).
26
Let c be 2 + 18*3/2. Let j(z) = 11*z - c*z - z**2 + 12*z + 3. Calculate j(-5).
8
Let k(a) be the third derivative of a**4/24 - a**3/6 - a**2. Suppose 3*f = 3*z - 6, -8 + 0 = -4*z + 2*f. Suppose -z*s + 4 + 2 = 0. Determine k(s).
2
Let c(s) = -5*s + 2*s**3 - 2 - 3*s**2 - s**3 + 0*s. Let i = -60 - -57. Let t be ((-24)/(-28))/(i/(-14)). Give c(t).
-6
Let r(s) = 2 + s**3 + 5*s**2 - 32*s - 36*s + 61*s + 0. Let g(i) = -i**2 + 2*i - 3. Let d be g(3). Give r(d).
8
Let o(m) = m**2 - 11*m - 13. Let q be o(12). Let u(d) be the second derivative of 0 + 0*d**3 - 1/2*d**2 - 3*d + 7/20*d**5 + 0*d**4. Give u(q).
-8
Let a be (1/2)/((65/20)/13). Let h(y) = 7*y - 42*y**2 + 0*y + 26*y**2 + 22*y**a + 3 - y**3. Determine h(7).
3
Suppose -1 = -3*k + 23. Let i(p) = -p**3 + 8*p**2 + 8*p + 10. Let l(j) = 3*j**3 - 24*j**2 - 22*j - 28. Let z(s) = 11*i(s) + 4*l(s). What is z(k)?
-2
Let y(u) = -u**2 + 16*u + 65. Let h(q) = -14*q - 541. Let w be h(-40). Calculate y(w).
8
Let r(j) be the second derivative of -j**4/12 + j**3/6 + j**2 - 154*j. Give r(-3).
-10
Suppose 3*f = 3*y - 813, -6*y - 827 = 3*f - 2*y. Let q be ((f/(-14))/(-13))/(2/8). Let o(j) = -j**2 - 6*j - 7. Calculate o(q).
-7
Let f(v) = -v**3 + 20*v**2 - 6. Let p = -1947 + 1967. Calculate f(p).
-6
Let u(t) = -t**3 - 6*t**2 - 5*t - 4. Suppose -11*y + 14 = -16*y + 2*q, 4*y + 5*q = 2. Give u(y).
-10
Let w(s) = -2*s - 1. Let a(o) = o**2 + 12*o - 9. Let p(z) = -a(z) - 5*w(z). What is p(-6)?
-10
Suppose 4*c = 2*f + 24, 3*c + f - 9 = -2*f. Let n(l) = -c - 4*l**2 - 2*l**2 - 12*l**3 - 6*l + 8*l**3 + 3*l**3. Let y(u) = -u - 2. Let a be y(3). What is n(a)?
0
Let b(t) = t**2 - 9*t. Suppose -14*g - 9 + 121 = 0. Calculate b(g).
-8
Let p(c) = -c**3 + 3*c**2 + 5. Let h be ((-2)/2)/((-1)/3). Suppose h*a - 5*a = -t + 17, -3*t = a + 5. Let i be 6/(-4)*a/3. Give p(i).
-11
Let v be -1*(-4 + 3 + -4). Suppose -y - 13 = -v*y + t, -3*y - 2*t = 4. Let u(s) = -2*s**2 + s + 1. What is u(y)?
-5
Let x(v) = v**3 - 5*v**2 + v + 4. Let s(c) = -c**3 + 6*c**2 + 5*c + 18. Let y be s(7). What is x(y)?
-8
Let n(g) = -g + 3. Let b be n(7). Let h(k) = -6*k - 8. Let a(y) = 3*y + 4. Let l = -26 - -13. Let x(i) = l*a(i) - 6*h(i). Calculate x(b).
8
Let w(b) = -2*b - 10. Let c(s) = -s**3 + s**2 + 7*s + 3. Let l be c(4). Let r = -24 - l. What is w(r)?
4
Let c(j) = -3*j**2 - 13*j - 19. Let p(g) = -g**2 - 6*g - 9. Let q(l) = 2*c(l) - 5*p(l). Suppose 0 = -28*b + 201 - 33. Determine q(b).
-5
Let r(w) = w**2 + 2*w + 6. Let k(d) be the third derivative of -d**5/60 - d**4/12 - 7*d**3/6 + 11*d**2. Let i(n) = -5*k(n) - 6*r(n). Determine i(-3).
-4
Let c(k) = -4*k - 7. Let d(i) = i + 6. Let g be d(-9). Give c(g).
5
Let i(q) = 32*q + 4*q**2 + q**3 + 12 + 31*q - 65*q + 2*q**2. Calculate i(-6).
24
Suppose -g + 20 = 4*g - 5*y, 4*g - 2*y - 14 = 0. Let v(i) be the second derivative of 0*i**2 + 1/6*i**g - 5*i + 0. Calculate v(3).
3
Let q be (40/(-12))/(-2*6/(-72)). Let h(u) = -u**3 - 19*u**2 + 20*u - 5. Give h(q).
-5
Let u(v) be the third derivative of v**5/60 + 13*v**4/24 + 5*v**3 + 24*v**2. Let t be u(-4). Let q(h) = -h**2 - 5*h + 5. Determine q(t).
-1
Let q be (2 + -3)*(-2 - -1). Let y be (-1 + (q - -3))/(-1 - 0). Let n(p) = p**2 + 6*p. Calculate n(y).
-9
Let s(d) = d**2 - 3*d - 12. Let p be s(-3). Let z(y) be the second derivative of y**5/20 - y**4/2 + y**3/6 + 2*y**2 - 11*y. Give z(p).
10
Let p be 3/4 - 63/(-28). Let z(y) = -p*y - 4*y + 6*y - 4 + 0. What is z(-3)?
-1
Let r(s) = -s**2 - 2*s + 10. Let l(h) be the second derivative of 1/6*h**4 - 10*h**2 + 1/2*h**3 - 4*h + 0. Let f(q) = 4*l(q) + 9*r(q). Give f(-7).
3
Let y be 2/((-8)/(-28)) + -3. Suppose 3*i - 3*h - 6 = 0, y*i = -i - 2*h + 3. Let w(p) = -i - 1 + 4 + p - 3. Determine w(3).
2
Let k(d) = 20 + 17 - 42 - d. What is k(-6)?
1
Let i(b) = -b**2 - 5*b - 3. Let q(u) = -4*u - 24*u**2 - 3 + 2*u**3 + 4*u**2 + 4*u. Let h be q(10). Calculate i(h).
3
Suppose -7*x + 11 + 3 = 0. Let d = 3 + x. Suppose 5*o - 2*s - 2*s + 41 = 0, 0 = -d*o - 2*s - 17. Let b(r) = -r**3 - 6*r**2 - 5*r - 1. Calculate b(o).
-1
Let h(p) be the second derivative of -2*p**3/3 + 3*p**2/2 - 8*p - 70. Suppose -a + 0*a + 3 = 0. What is h(a)?
-9
Let w(t) = -3*t + 1. Let u(s) = s**2 + 8*s + 10. Let v be u(-7). Suppose -j + v*j + 20 = 0. Let d be 30/j + (2 - 1). Determine w(d).
7
Let r be (2 - -6) + -2 + 4. Let t(c) = 7*c - 8. Determine t(r).
62
Let i(f) be the first derivative of -2*f**4 - f**3/3 - f**2/2 + f - 2. Let c(q) = -q**2 - 7*q + 9. Let y be c(-8). Give i(y).
-9
Let s(a) = 2*a. Let j = -1 + 5. Suppose -15 = -v + 3*l, 0 = j*l + 18 - 2. What is s(v)?
6
Let k(c) be the second derivative of -5*c**4/24 - c**3/3 + 47*c**2/2 + 11*c. Let s(a) be the first derivative of k(a). What is s(-1)?
3
Let z(w) be the 